uppose -3*f + g + 79 = 0. Is f a composite number?
True
Let q = 48 - 39. Let t(m) = 76*m + 92*m - 34*m + q. Is t(4) a prime number?
False
Let m be 13/3*1404/6. Let t = m - 718. Let s = 459 - t. Is s a prime number?
True
Let j = 26294 - -169585. Suppose 23*k = 105260 + j. Is k a composite number?
False
Let x(u) = 2*u**2 + 9*u + 13. Let t be x(-2). Suppose t*c + 0*c - 540 = -3*q, 3*c - 530 = -5*q. Is c a composite number?
True
Is 70/(-21) - (-20)/(-45)*-262398 composite?
True
Is (-25926)/4*10/(-30)*2 composite?
True
Let y(n) = 3*n**3 - 98*n**2 - 52*n + 230. Is y(47) a prime number?
False
Let u(t) = 4*t**2 + 20*t - 31. Let l(s) = 13*s + 21. Let y be l(-6). Let r = y + 76. Is u(r) prime?
False
Let z(g) = -2*g**2 - 6*g + 24. Let s be z(-8). Let c be 16*(s/6)/((-4)/150). Suppose -i - c = -5*a + 4*i, -i + 3356 = 3*a. Is a a composite number?
True
Let t(k) = 111*k**2 + 9*k - 8. Let h be t(1). Suppose -18465 = 109*m - h*m. Is m composite?
True
Suppose 28*d - 390 = 7*d + 6*d. Let u = -49 - -74. Suppose -u*t + d*t = 1253. Is t a composite number?
True
Let c be (51/6)/(1/1556). Suppose 9*d - c = 2911. Is d composite?
True
Suppose -k = k - 18. Suppose 13 = k*s - 23. Suppose -5*y + 1305 = -s*a, -5*a - 691 = 5*y - 1951. Is y composite?
False
Let h(l) = -9619*l + 156. Let t be h(6). Is (t + 56)/(-1 + -1) prime?
True
Let l be (-20628)/(-81)*(-3)/(-2). Suppose v + l = 861. Is v prime?
True
Suppose -7 = -o + s, 4*o - 2*s + 4*s = 4. Suppose -2*n + 1814 = 7*a - o*a, 0 = -a + 2*n + 441. Let u = 100 + a. Is u prime?
False
Suppose 24*b = 20*b + w + 437096, 0 = -b - 3*w + 109261. Is b a composite number?
True
Let s(l) = 362*l + 37. Let b be s(-12). Let c = 6552 + b. Is c composite?
True
Suppose 210*r = 202*r + 110032. Suppose -11*y + h - r = -12*y, -4*h + 13757 = y. Is y composite?
True
Suppose 0 = -q + 5*d - 16, -q - 4*q + 4*d + 4 = 0. Suppose -q*h = 3*u + h - 12661, -u + 4202 = -2*h. Suppose -3*b - 723 = -u. Is b a prime number?
True
Let d(o) = -2*o**2 - 14*o + 4. Let y be d(-7). Let j be 1*(-1)/(2/(-1184)). Is j/y + (-1 + -1 - 0) a composite number?
True
Let a(t) be the third derivative of t**6/120 - 2*t**5/5 + 13*t**4/12 + 49*t**3/6 - 2*t**2 - 14*t. Is a(24) composite?
False
Suppose 0 = -2*s - 2*y + 40, -s + 1 + 7 = 4*y. Suppose s*w = 23*w - 205. Let n = 442 + w. Is n a prime number?
False
Let v(z) = 1072*z - 159*z - 15 + 81*z. Is v(2) a prime number?
True
Let c(v) = -v**2 + 6*v + 24. Let n be c(8). Is (-1 - (-10)/n)*36436 a composite number?
False
Suppose -92*c + 7*c = 51*c - 5179288. Is c a prime number?
True
Let h(t) be the third derivative of -1013*t**4/8 - 3*t**3/2 + 5*t**2. Let a be h(-2). Is a/13 + (-14)/(-91) composite?
False
Is 1/((0 - -3) + (-12090610)/4030205) composite?
False
Suppose 141*o = 147*o - 12. Is (-24275 - 8)*(o + 0 + -3) prime?
False
Suppose 1 = -4*j + 2*u + 15, -2*j + 5*u = -11. Suppose j*k = 8*k. Suppose k = -3*i + 797 - 170. Is i a prime number?
False
Suppose 0 = 3*w - w - 6. Suppose 5*i - w*i + 23106 = 4*m, -28890 = -5*m + i. Is m prime?
True
Suppose 4*l - 292 = -r + 191, 0 = l + r - 117. Is l prime?
False
Let i(z) = -4*z - 31. Let h be i(-7). Let m be (-561)/2 - (18/h)/12. Is m/10*74/(-8) prime?
False
Suppose -329*c = -310*c - 2631367. Is c prime?
True
Let t be (1/5)/((-267)/4005). Let g(m) = -195*m + 49. Let v(n) = -97*n + 24. Let w(c) = -2*g(c) + 5*v(c). Is w(t) prime?
True
Suppose 0 = -2*g + 3*g + 3*l + 13, 4*g - 5*l + 18 = 0. Let f(r) = 515*r - 16. Let a(q) = 1031*q - 31. Let u(z) = g*f(z) + 3*a(z). Is u(-2) a prime number?
False
Let n(d) = -185*d - 43. Let g(s) = -12 + 3*s + 0*s - 4*s + 0*s. Let v be g(-6). Is n(v) prime?
False
Let u(h) = -903*h - 117. Suppose 14*j = 38*j + 480. Is u(j) a composite number?
True
Suppose 4*g - 42892 = -4*w, -10723 = -15*g + 14*g - 3*w. Is g a composite number?
False
Let l = 3 + -4. Suppose u + 18 = 592. Let b = u + l. Is b a composite number?
True
Suppose -486 = -0*u - 18*u. Is ((-18)/15)/(u/(-46755)*1) composite?
True
Let w = 23 + -20. Suppose 5*o - g - g + 302 = 0, 3*g - w = 0. Let a = 83 - o. Is a prime?
False
Suppose -12*a - 8 = -14*a. Suppose -4*h = 4*l - 213 - 5943, 0 = 3*l + a*h - 4613. Is l a prime number?
True
Let r(s) = -241*s**3 + 242*s**3 - 2*s**2 + s + 1 - s**2. Let j be r(3). Is (-3 + -2 + j)*-413 prime?
False
Suppose 4*q - 36936 = 39855 - 11035. Is q a prime number?
False
Let l(y) = -3*y**3 - 28*y - 26. Is l(-15) a prime number?
False
Let t = -3956 - -36447. Is t a composite number?
False
Let c(j) = -4534*j + 12047. Is c(-71) a composite number?
True
Let v(p) = 530*p - 12 + 146 + 33. Is v(12) a composite number?
True
Let u = -39 + -126. Is 22950/22 + 3/(u/10) a prime number?
False
Suppose -2*f + k = 1, 7*f + 0*k + 3*k = 29. Suppose v - 6317 = -4*o, f*v + 3*o = 4*v - 12667. Is v prime?
True
Let d(a) = 152*a**2 + 11*a - 5. Let m(n) = -n**3 - 3*n**2 - 2*n + 3. Let g be m(-4). Suppose 19 = -2*y + g. Is d(y) prime?
False
Let o be 2*(95/10 - 4). Let h = o - 9. Suppose 2*l = 0, -6*l + 4*l + 1742 = h*z. Is z a composite number?
True
Suppose -46*v + 49*v = 6. Suppose -4*t - 2*u + 11616 = v*u, 5*t = u + 14490. Is t a prime number?
False
Is 89007*((-851)/(-69) - 0) a composite number?
True
Suppose z - 79*z = -18255354. Is z a prime number?
True
Let x(w) = -40*w**3 - 4*w**2 + 15*w - 1. Let h be x(5). Let g = 2097 - h. Is g composite?
True
Let s = 300 + -622. Let b = 417 - s. Is b a prime number?
True
Suppose -94*n + 86*n + 48 = 0. Suppose -3*u = j - 29690, -n*j - 29670 = -3*u - 3*j. Is u composite?
True
Let r = 3582 - 2323. Is (3 + -1 - 2) + r prime?
True
Let t be 3/(9/48) + -5 + 11. Is -1 + (-207504)/(-14) + t/77 prime?
True
Let j be (-896)/96*(15/(-2))/5. Let x(u) = 132*u - 71. Is x(j) a prime number?
True
Let v(b) = 843*b - 701. Is v(24) composite?
False
Suppose 5*v - 2*n - 26080 = 0, -v - 3556 = 3*n - 8789. Suppose 5*s - 10436 = -4*r, 5*s + v = 2*r + 6*s. Is r composite?
False
Let w(o) = 36*o**3 + 30*o**2 - 42*o + 373. Is w(14) composite?
True
Let o(y) = -y**2 + 12*y - 4. Let f be o(10). Suppose 5192 - 31464 = -f*k. Let j = -705 + k. Is j prime?
True
Suppose 88*s + 18914 = 90*s. Let d = s - 3551. Is d prime?
False
Suppose 16*s - 84 = -20. Suppose 441 + 155 = s*t. Is t composite?
False
Let j(s) be the first derivative of -5*s**2/2 - 15*s + 2. Let l be j(-4). Suppose -383 = -l*n + 572. Is n a prime number?
True
Is (-21238)/(-8) - (9 - (-858)/(-104)) a composite number?
True
Let v(m) = -75*m - 10. Suppose -3*q + 20 = -2*w, 3*q = 4*w + 22 + 6. Suppose -q*u - 14 = -2*u. Is v(u) composite?
True
Let l(i) = 293 + 9*i + 67*i - 294. Let f be l(12). Let m = f + -492. Is m prime?
True
Let l = 21381 + -428. Is l a composite number?
True
Suppose z + 11*z = -79668. Is -2 + (1 - z)*1 a composite number?
True
Suppose -188*b - 50043405 + 33753490 + 177475663 = 0. Is b composite?
True
Let n(b) = 2*b**2 + 51*b - 158. Let u be n(-29). Suppose 0 = -5*m + d + 1069, m + d - 33 = 182. Let r = u + m. Is r composite?
True
Let r = 109102 + -14005. Is r composite?
True
Let o be (-2)/4 + (10143/(-6))/(-7). Let l = 1152 - o. Is l composite?
False
Let r(j) = 49252*j - 3071. Is r(4) a composite number?
False
Suppose -198393 = 99*s - 96*s. Let j = -36996 - s. Is j a composite number?
True
Suppose 0*g - 2*g - 6 = 0. Let p(q) = 7*q**2 - 42*q - 115. Let x be p(18). Is 1*(3 + x) + g composite?
True
Let s(b) = -3*b + 4. Let w be s(0). Suppose -2*x - w*r + 12418 = -2*r, -r + 24842 = 4*x. Is x composite?
False
Suppose -4*g = 4*s - 1 + 5, -3*s - 5*g + 7 = 0. Is 3*(-45726)/(-12 - s) composite?
True
Suppose 159*w - 164*w = 10. Is (2117370/(-55))/w - (-4)/22 composite?
False
Let o(n) = -10*n**3 - 2*n**2 - 9*n + 10. Let w(z) = -z**3 - z - 1. Let u(v) = -o(v) + w(v). Is u(6) prime?
True
Let f be (-4 - (-30)/5) + -4 + -1. Let t(m) = 0 - 290*m + 0 + 7. Is t(f) a prime number?
True
Suppose -p = -0*p + 729. Let r = p + 1093. Is -3 + r - -2 - -2 a composite number?
True
Let t(x) = 2*x**3 - 5*x**2 + x - 6. Let p be t(3). Suppose 13641 = 2*s - b, -4*s + p*b = 10*b - 27312. Is s a composite number?
False
Let d(h) = -47*h**2 + 2*h - 17. Let w(i) = 46*i**2 - i + 16. Let u(t) = 3*d(t) + 4*w(t). Let r be (-2*1)/((-4)/((-32)/(-4))). Is u(r) prime?
True
Is (2/((-30)/18429))/((-290)/(-725))*-38 prime?
False
Suppose b = 3*p - 1655816, 2*p + 18*b - 15